((-90087)/9)/((-7)/p) a composite number?
False
Let y be 0/2*(-30)/120. Suppose y = 5*x - 5*a - 22740, 4*x + 5*a - 3303 - 14934 = 0. Is x prime?
False
Let c = 196996 + -84161. Is c a prime number?
False
Is (-8 + 324/45)/((-4)/359930) a prime number?
False
Let p(g) = g - 3. Let h be p(1). Let f(u) = u + 6. Let y be f(-9). Is h/(((-28)/(-147))/(34/y)) a prime number?
False
Let m(r) = r**3 + 15*r**2 + 5*r - 26. Let p = -59 - -57. Let h be (264/(-18)*3/(-2))/p. Is m(h) prime?
False
Let v be (-160)/(-25) - (-6)/10. Suppose -v*c = -6*c - 14613. Is c prime?
False
Let s(d) = 2*d**2 - 6*d + 7. Suppose -4*k + k + 9 = 0. Let c be s(k). Is (c - 6)/(1 - (-312)/(-314)) a composite number?
False
Let p(z) = 6*z**2 + 3*z - 3. Let f(k) = -2*k - 5. Let g be f(-3). Let l be p(g). Suppose 0 = -l*o + 8*o - 2174. Is o a prime number?
True
Let y(t) = -910*t**3 + t**2 - 36*t - 146. Is y(-5) a prime number?
True
Suppose -4*u = -27496 - 40284. Suppose 14*q - u = 9*q. Is q a prime number?
True
Suppose 5*x = -2*v - 2, 6 - 9 = -5*x + 3*v. Suppose -5*u = -5*f + 2625, 3*u - 14 + 2 = x. Is f a prime number?
False
Suppose 0 = 5*h + 5*k + 5, k = -2*h + 5*h - 17. Suppose 0 = -4*v + m + 15762 + 5617, 0 = h*v + m - 21381. Is v composite?
True
Suppose 3*d - 11129 = -2*v, 4*d + 37 = 25. Suppose -3*p + p - 4*a + 2222 = 0, -5*p - 3*a + v = 0. Is p a prime number?
False
Let h = 106844 + 36315. Is h a prime number?
True
Suppose 52512 = 2*o - 301930 - 50656. Is o a composite number?
False
Let n(t) = 373*t**3 - 2*t**2 - 8*t - 4*t + 4*t**2 - 7 + 11. Is n(5) prime?
True
Let i = 177956 + 137147. Is i composite?
False
Let r(f) = -19*f - 7. Let v be 9/6 - 36/8. Let p be r(v). Let m = 159 + p. Is m prime?
False
Is ((-18812)/(-6))/(518/129 + -4) a composite number?
True
Suppose 0 = -2*z + 20 - 10. Suppose -v - 4 = -3*v. Suppose v*o + 195 = z*o. Is o a composite number?
True
Let o(m) = -257*m**3 + m**2 - 3*m + 2. Let g be o(-3). Let j = g - 2859. Let k = -1521 + j. Is k a prime number?
True
Suppose p = -l + 4 + 13, 4*l = -2*p + 40. Let r(g) = g**3 - 3*g**2 + 47*g - 5. Is r(p) composite?
True
Let r(i) = -i**3 - 27*i**2 + 43*i + 83. Is r(-44) a composite number?
True
Let r(s) = 73 - 11*s**2 + 47*s**2 + 19*s**2 + 15*s - 4*s**2 + 40*s**2. Is r(-8) a prime number?
False
Suppose 5*l - 3*z - 334546 = 0, 195*z - 196*z + 133825 = 2*l. Is l a composite number?
True
Let t be (-24)/(-18) + 4/6. Suppose t*q + 4*i = 5062, -12977 = -5*q - 2*i - 298. Is q a composite number?
True
Let i(r) = r + 17. Let x be i(-12). Suppose -x*z - 17*z + 55462 = 0. Is z a composite number?
False
Let d be 11/(5/6870*6). Suppose -j - 5*i = -2*j + 1256, -2*j + 3*i = -d. Is j prime?
False
Let r = 1111 + -1060. Let w = -356 + -1267. Is ((-17)/r)/(1/w) composite?
False
Let n = 14190 - 9037. Suppose -n - 14664 = -7*g. Is g composite?
True
Suppose 652 = -2*p - 2*p. Let g be -20*(6432/(-80) - -8). Let k = p + g. Is k prime?
False
Suppose -2*j = 70 - 86. Is (-7 + j)*(44955 - 2) a composite number?
False
Let g(n) = -2*n**3 - 127*n**2 + 79*n + 29. Is g(-66) a composite number?
True
Suppose -11*o = -7*o + 27020. Let p = o - -12952. Is p a prime number?
True
Let v(h) = 10*h**3 + 3*h - 3. Let l be v(1). Suppose 3*q - 7 = u + 13, -q = -u - l. Suppose -5 = i, 6*n - 3*i = q*n + 484. Is n a composite number?
True
Let s = -11738 - -17449. Suppose -p - 5*m = -1893, -3*p - 4*m + s = -5*m. Is p a prime number?
False
Suppose 22*p = 19*p + 14937. Let l = p + 660. Is l prime?
True
Suppose 4*b - 122952 = -4*v, b = -2*v + 6*v - 122947. Is v composite?
True
Let f(i) = i**3 - 12*i**2 + 19*i + 35. Let w be f(10). Suppose w*m = 23*m + 1702. Is m a composite number?
True
Suppose 3*k - 2*u = 2*u + 68, -4*k = u - 59. Suppose -3*j = -101 - k. Is 4/(-26) + (47274/j - 1) a composite number?
True
Let x be 6*(-8)/12 + 16. Let s = x - 9. Suppose -s*v + 4*v = -3*j + 1274, -3*j = 3*v - 3792. Is v composite?
False
Let h be (92/4)/1 - 2. Let a be (56/h)/((-2)/(-1254)). Suppose -6*q + 7966 - a = 0. Is q composite?
False
Let z(q) = -1439*q**2 - 4*q - 44. Let c(s) = 2158*s**2 + 6*s + 66. Let u(f) = 5*c(f) + 7*z(f). Is u(-3) composite?
False
Let u be 1/(192/44 + -4)*-4. Let t(n) = 457*n**2 - 9*n + 43. Is t(u) composite?
False
Let i be ((-12)/7)/((-423)/105 + 4). Suppose -4*n - 5*o + i - 21 = 0, 5*n = o + 56. Suppose -b - 5285 = -3*p, -n*p + 13*p + 4*b = 3514. Is p a prime number?
False
Let g = -164 - -167. Suppose 4*m + 891 = r, -g*r + 5*m - 969 = -3635. Is r a prime number?
True
Suppose 3*p + 5*m - 22213 = 2784, -5*p - 3*m = -41635. Let n = -4813 + p. Is n composite?
False
Suppose 3 = 5*g - 6*g. Suppose -4*b - 5*h - 14 = -0*h, 2*b = -4*h - 10. Is 1187 - (g + b/1) a prime number?
False
Suppose -12990138 = -103*z + 958843. Is z prime?
True
Let v = 23934 + -10788. Let o = v + -4219. Is o a composite number?
True
Suppose 2*u - 2 = 8. Suppose -46*s + 5*v = -44*s - 2972, -5962 = -4*s + v. Suppose u*m = -2*m + s. Is m prime?
False
Let c(a) = 3*a**2 + 4*a - 4. Let n be c(1). Suppose -w = -3*u + 10067, 5*w = -7 - n. Suppose -3*s + u = -2219. Is s composite?
True
Let j(t) = -9*t**2 + 13*t - 12. Let p(i) = -27*i**2 + 34*i - 35. Let c(v) = 8*j(v) - 3*p(v). Let s(b) = -2*b + 2. Let u be s(6). Is c(u) a composite number?
True
Let r(s) = 2601*s**3 + 33*s**2 + 10*s - 53. Is r(10) prime?
True
Suppose -75*d - 71*d + 21*d + 3114625 = 0. Is d prime?
True
Suppose 87*a - 18*a = 6903933. Is a composite?
False
Is 7 - (20 + -6) - (-70223 - 7) composite?
False
Suppose -n = -6*n - 5*g, 2*g = -4*n. Let c(i) = i**3 - 2*i**2 + i. Let d be c(n). Let p(t) = -t**2 - t + 201. Is p(d) a composite number?
True
Is 5*5/25*1/(3/2077113) composite?
False
Let m be 80/35 - 2 - 57/(-21). Suppose 5*o - 36 + 11 = 0. Suppose 0 = -2*i + 4*s + 34, -o = -2*s + m*s. Is i composite?
False
Let c(y) be the second derivative of 0 - 47/2*y**2 - 19*y - 35/6*y**3. Is c(-6) a prime number?
True
Let p(s) = 72*s**2 + 2*s + 347. Is p(-23) prime?
False
Let k(o) = o + 28*o**2 + 0*o - 3*o + 11. Suppose 2*y - 4*c = -8, 2*y + 4*c + 0*c = -8. Is k(y) a composite number?
False
Suppose 591 = 5*s - 914. Let r be ((3 + -3)/(-1))/1. Suppose r = -2*k - 0*k + d + s, 3*k - d - 450 = 0. Is k prime?
True
Let y be (-8)/(-36) + ((-325520)/(-45) - 1). Let z = -5021 + y. Suppose h - 897 - 1312 = 4*c, -h = -c - z. Is h prime?
True
Suppose -159647875 + 14837539 = -96*a. Is a composite?
True
Let i(q) = -9*q + 1034*q**3 + 7*q**2 - 21 - 2*q**2 + 17 + q**2. Is i(3) a composite number?
False
Suppose 0 = -4*y - i + 8515, -2*y + 5*y = 5*i + 6392. Let g = y - -870. Is g prime?
True
Suppose -12 = 47*p - 50*p. Suppose 2*m = 2*k + 4*m - 2934, 5*k + p*m = 7334. Is k prime?
False
Suppose 119 + 25 = -36*c. Is -6281*c/32 + 4/(-32) a composite number?
True
Suppose -7*j + 22 = -13. Suppose -q + 13 = j*d, -q = -d - 3*q + 8. Suppose 4*y = -k + 789, 0*k = -d*k - y + 1571. Is k composite?
True
Let r = 197 - 165. Is 24/r - 201/(-4) - 5 a composite number?
True
Suppose -21*n = -17*n + 412. Let g = n - -107. Suppose -g*i + 5759 = -r, -2*i + r - 4*r = -2869. Is i prime?
True
Let f(d) = -9*d + 237. Let t be f(24). Suppose -t*y = -73959 - 71718. Is y a composite number?
True
Suppose 13*w = 14*w - 5*v - 357987, 3*w + v = 1073897. Is w prime?
True
Suppose -77*w + 30*w + 38996323 = 0. Is w a composite number?
False
Let o(r) = 29*r - 167. Let a be o(6). Is 117904/a - (-201)/(-469) prime?
True
Let g = 115719 - 64286. Is g a prime number?
False
Let f be (16/(-10))/((-18)/(-90)). Let l(h) be the first derivative of -h**4/2 - 8*h**3/3 - 5*h**2/2 + 5*h + 1. Is l(f) prime?
True
Is 526710 - 3 - (-106 - -110) prime?
True
Let x = 53 + -24. Let s = 109 - 30. Suppose -x*u + s = -28*u. Is u a prime number?
True
Let h be -1 + 3 + -8 + 18816. Let v = h + -7849. Is v a composite number?
True
Let o(f) = 29*f - 79. Let m be o(3). Is ((-2430)/m + 3/12)*-10 a composite number?
True
Suppose 14*f - 11*f = 3. Is 921*(-4 + (-39)/(-9))*f a prime number?
True
Let d(g) = -3*g**3 + 6*g**2 + g - 3. Let a be d(2). Is 842 - 0 - (a - (-1 - 3)) prime?
True
Let f be (-1 + 2)/((-2)/(-36)) - -3. Suppose 3*l + f = j, l - 4 = -4*j - 3*l. Suppose 10*d = j*d + 6524. Is d composite?
True
Let y(l) = 20 + 0 + 4 + l - 1. Let p be y(-24). Is 6/(-2) - (3/p + -1097) composite?
False
Suppose -4*t = -4*j + 211265 + 75147, -4*t = -